e factors of m.
757
Let p = 29 - 15. Let h(m) = 6*m - 8. Let x be h(p). Let y = x - 13. List the prime factors of y.
3, 7
What are the prime factors of (-1982295)/(-54) + 6 + (-62)/12?
2, 5, 3671
Suppose 3*l + 4974*f = 4970*f + 194531, 5*l - 4*f = 324197. What are the prime factors of l?
7, 59, 157
List the prime factors of (2 + -350)*-8 + -3 + 4.
5, 557
Suppose 0 = 15743*w - 15737*w - 27810. What are the prime factors of w?
3, 5, 103
Suppose 2*m = -5*i + 607, -4*i + 389 + 87 = 4*m. Let c = i - 106. Let l = c - -99. List the prime factors of l.
2, 29
Let z(t) = 2*t**3 - t**2 + 279. Let y be z(0). Suppose -6*u + 3627 - y = 0. What are the prime factors of u?
2, 3, 31
Suppose 18*r = 24*r + 273762. What are the prime factors of (-1*2)/(134/r)?
3, 227
Suppose -7*q + 12 = -6*q. Suppose -20 = -2*u - q. Suppose 3*s - u*b - 26 = -0*b, 0 = s + 2*b - 12. What are the prime factors of s?
2, 5
Let a = 6311 - 2112. List the prime factors of a.
13, 17, 19
Let k(t) = -10710*t + 275. What are the prime factors of k(-1)?
5, 13
Suppose -5*p = -6*p + 2*p - 8263. List the prime factors of p.
8263
Let t be (630/120)/(692/(-352) + 2). Let k = 384 - -34. Let d = k - t. List the prime factors of d.
2, 3, 11
Let q(u) = -u**3 + 13*u**2 - 4*u + 89. Let a be q(13). Suppose -5*j = 4*z - 306, -a - 177 = -3*z + 4*j. List the prime factors of z.
2, 37
Suppose 108*a - 3*s + 727 = 110*a, -4*a = -3*s - 1463. Let u = 423 + -234. Let p = a - u. List the prime factors of p.
2, 11
Suppose 0 = 2*g - 79 + 71. Suppose 5*m = g*y + 465, y + 56 = -4*m + 428. What are the prime factors of m?
3, 31
What are the prime factors of 7040 + ((-4)/(28/9))/(96/(-448))?
2, 13, 271
Let q(y) = 98 + y - 15 + 8*y - 19. What are the prime factors of q(7)?
127
Let d be 14*(24/(-14))/2. List the prime factors of 74580/88*d/(-10).
3, 113
Let r(u) be the first derivative of u**3/3 + u**2/2 - 3*u - 10. Let n be r(3). Suppose -n*o = 9 - 45. List the prime factors of o.
2
Let b(v) = 8 + 0 - 8*v**2 + v**3 + v**3 - v**3. Let a be b(6). List the prime factors of 311/4 - (-48)/a.
7, 11
Let v be (130/78)/((-1)/(-3)). Suppose v*b = -3*t + 2*t + 151, 5*t = 5. Suppose q = 2*l + 21, 5*q - b = 3*q + l. What are the prime factors of q?
13
Suppose -2302 = -6*x + 37424. Suppose j + x = 5*p, -24*j + 1325 = p - 25*j. List the prime factors of p.
2, 331
Let g(r) = -r**2 + 4*r + 14. Let m be g(7). Let z = m + 8. List the prime factors of (z - 0)/(1 - 252/254).
127
Let r be 2/5 - -10*10/(-250). Suppose r = -545*k + 554*k - 4446. List the prime factors of k.
2, 13, 19
Let c be ((-3)/(-2))/(13/21294). Suppose 10*a - c = a. What are the prime factors of a?
3, 7, 13
Let j(c) = 204*c**3 - 56 + 16*c**2 + 4*c - 205*c**3 + 44*c. List the prime factors of j(18).
2, 5
Let g(v) = -v**3 - 3*v**2 + v + 3. Let s be g(-3). Let p be 2/(s - 2) - (-37 - -24). Suppose p*b - 4*b - 336 = 0. What are the prime factors of b?
2, 3, 7
Let t be 3 - 48/(-8) - 4. Suppose -3*m + 3*j = -1764, -3109 = -5*m - t*j - 169. What are the prime factors of m?
2, 3, 7
Let k = 19 - 13. Suppose 0 = -t + 4*t - k. Suppose t*b - 122 = 40. What are the prime factors of b?
3
Let h(s) = s**2 + 3*s + 18. Let k(u) = u**3 - 15*u**2 - u + 22. Let c be k(15). Let w be h(c). What are the prime factors of (3*1)/1 + w + 7?
2, 7
Let m(l) = -17*l - 1. Let g be m(7). Let d be (g/(-45))/(4/6). Suppose -3*u + 3*o = -96, 152 = 4*u - 0*o + d*o. What are the prime factors of u?
5, 7
Suppose 89259 = b + 7*b - 5*b. List the prime factors of b.
29753
Suppose o + 2*h = 3702, 159*o - 163*o + 2*h + 14768 = 0. What are the prime factors of o?
2, 1847
Suppose 4*s - 14 = -x, 5*x + 4*s = s + 2. Let d(y) = -371*y - 69. What are the prime factors of d(x)?
673
Suppose 6*u = 3*u + 2*x + 61, -4*u + 63 = x. Suppose -u*g + 11*g = -4158. List the prime factors of g.
3, 7, 11
Let p(j) = 634*j + 9359. List the prime factors of p(62).
41, 1187
Let q(s) = 3*s**3 + 10*s**2 + s + 5. Suppose -11 + 14 = y. List the prime factors of q(y).
179
Let i = 4731 - 3075. Let d = i - 472. List the prime factors of d.
2, 37
Suppose -142248 = -24*d - 99820 + 155524. What are the prime factors of d?
2, 1031
Suppose 23147 + 204929 + 168532 = 32*w. List the prime factors of w.
2, 6197
Let o(g) = 9*g**2 + 127*g - 42. Let h be o(-24). Suppose -386 = 28*p - h. What are the prime factors of p?
61
Let n be 2*(-2)/4 - -38. Let r = 50 - n. Suppose 0 = -r*f + 14*f - 138. What are the prime factors of f?
2, 3, 23
Let f(w) be the third derivative of w**5/60 - 5*w**4/8 + 5*w**3 + 16*w**2. Let h be f(13). List the prime factors of (-1)/(h/(-8))*26.
2, 13
Let b(c) be the first derivative of 13 + 11/2*c**2 + 6*c. What are the prime factors of b(11)?
127
List the prime factors of (-41434)/(-8) + 70/(-280).
5179
Let i(t) = -252*t + 2100. What are the prime factors of i(-25)?
2, 3, 5, 7
Suppose 198996 = 98*w - 70*w. What are the prime factors of w?
3, 23, 103
Let j = -46247 + 93315. List the prime factors of j.
2, 7, 41
Let g be (-6)/15 + (-54)/(-10). Let q = g + 59. List the prime factors of q.
2
Let v(t) = t**2 + t + 5. Let y be v(-2). Suppose -2*p + y*p = 280. Suppose 0 = -4*r + 5*z - 4*z + p, 0 = -3*r - 2*z + 53. List the prime factors of r.
3, 5
Let l = 22985 - 4232. What are the prime factors of l?
3, 7, 19, 47
Suppose g = -5*y + 15, g = y + y + 1. Suppose -y*n = -3*d + 4191, 20*n = -5*d + 25*n + 6985. List the prime factors of d.
11, 127
Suppose 0 = -a - 6*a + 28. Suppose -3*g = 3*s - 2481, -60*g = -62*g - a*s + 1656. What are the prime factors of g?
2, 7, 59
Let w be 4/(-6) + 942/9. Let q(h) = -h**3 + 39*h**2 - 72*h - 133. Let o be q(37). Let a = w + o. List the prime factors of a.
3, 5
Suppose 14*x - 74 = 94. Suppose x*o = 4*o + 136. What are the prime factors of o?
17
Suppose 2997 = 5*a - 9*a + z, a - 3*z + 741 = 0. List the prime factors of 4 - 1 - a/(-5)*-1.
3, 17
Let u(l) be the third derivative of l**5/30 + 3*l**4/4 + 4*l**3 - 58*l**2. Let a be (2*(-44)/(-8))/(-1). List the prime factors of u(a).
2, 17
Suppose 3*z + 2*x = 69344, 5*x + 37260 = 2*z - 8982. What are the prime factors of z?
2, 5779
Suppose -17*w + 15*w = -10. Let i be (-1)/(w/2)*-145. Suppose 4*p - i - 382 = 0. List the prime factors of p.
2, 5, 11
Let n be ((-21)/6 + 3)*-8. Suppose -4*f - 33 = -f + 3*g, -2*f - n*g - 26 = 0. What are the prime factors of (-12)/f + 52/6?
2, 5
Let t(d) = -6*d - 22*d + 29 - 8*d. Let c be t(-8). Let g = c + -109. List the prime factors of g.
2, 13
Let f = 2217 + -632. List the prime factors of f.
5, 317
Let x be (-19 - -19)*2/(-8). List the prime factors of 261/(-435) + (-6396)/(-10) + x.
3, 71
Let d = -411 - -505. Let f = 280 - 107. Let a = f - d. What are the prime factors of a?
79
Suppose 1658 = k + 3*z, -2*k + 109*z + 3286 = 105*z. What are the prime factors of k?
17, 97
Let d(c) = 17*c + 516. Let w be d(-31). Let u(l) be the third derivative of l**5/60 + l**4/12 - 3*l**3 - l**2. List the prime factors of u(w).
3
Let q = -3286 - -11824. List the prime factors of q.
2, 3, 1423
Let b(f) = -f**2 - 2*f + 4. Let c be b(-4). Let d be 2/(c/(-6))*(-2 - -1). List the prime factors of 24/(-15)*120/d.
2
Suppose 5*t = -k + 180, 12*t = 7*t - 15. List the prime factors of 985/3 - 65/k.
2, 41
Suppose 5*y - 4 = -v, -5*v + 2*y = -0*y - 20. Suppose -361 = v*g + 807. List the prime factors of (g/(-3))/((-16)/(-24)) - -3.
149
Let i(w) be the third derivative of 19*w**5/30 + 3*w**4/8 + 5*w**3/3 - 36*w**2. List the prime factors of i(-2).
2, 3
Let r = 12401 - -19395. List the prime factors of r.
2, 7949
Suppose a - 16*y = -11*y + 8730, -2*a + 17476 = -2*y. Suppose 11*t = -8*t + a. List the prime factors of t.
2, 5, 23
Let d = -2479 + 8687. What are the prime factors of d?
2, 97
Let c(x) = 16548*x**3 + 26*x**2 - 15*x - 10. List the prime factors of c(1).
13, 19, 67
Suppose 0 = -7*x + 101 - 17. Suppose -42*u - x = -46*u. Suppose -7*q = u*q - 610. List the prime factors of q.
61
Let z = -43 - -45. Suppose j + 5*i = 279, -z*j - 16 = 5*i - 574. Suppose 5*u = -79 + j. List the prime factors of u.
2, 5
Suppose -203*a + 1065063 + 3124055 = -85*a. What are the prime factors of a?
131, 271
Suppose 3*l - 8821 = -4*h, 2*l - 1029 = -2*h + 4855. Suppose -3*i - 872 = -c, -l = -3*c - 3*i - 283. Suppose 6*g - c = -314. What are the prime factors of g?
5, 19
What are the 